
5
Let d = -2 - -1. Let v = 1 + d. Suppose -q + 2 = 0, v = -2*i + 6*i + 4*q - 40. What is the units digit of i?
8
Suppose g - 2*g + 6 = 0. What is the units digit of g?
6
Let j = -38 - -103. What is the tens digit of j?
6
Let p be 23 + (-2 - 3/3). Let x = p - -8. What is the units digit of x?
8
Suppose 0*v = -3*v - 2*l + 131, 0 = 3*v + l - 136. What is the tens digit of v?
4
Let b(f) be the third derivative of 5/6*f**3 + 5/24*f**4 + 1/10*f**5 + 1/120*f**6 + 0 + 0*f + 2*f**2. What is the units digit of b(-5)?
5
Let n be 14/3 - 3/(-9). Let w(c) = -2*c - 7. Let k be w(-6). Suppose 5 = n*x - k. What is the units digit of x?
2
Suppose -18 = w - 116. Suppose w = 4*r + 22. What is the units digit of r?
9
Suppose 2*h = -3*c + 39, 3*h - 25 = -c + 16. What is the tens digit of h?
1
Suppose h + 22 = 286. What is the units digit of h?
4
Let n be 10/3*6/4. Suppose 0*u - 54 = -n*u + 3*c, -4*u = -5*c - 38. What is the tens digit of u?
1
Suppose -3*k = -18 - 15. What is the units digit of k?
1
Suppose f = 3 - 2. Let x be f + (-1 + -1)/(-2). Suppose a - 36 = -x*a. What is the tens digit of a?
1
Suppose -5*i = -3*u - 99, i - 2 = -5*u + 1. What is the tens digit of i?
1
Let w = -5 - -167. What is the hundreds digit of w?
1
Let r = -1 - 1. Let s = 1 - r. Suppose 24 + 1 = 5*v + 5*n, -s*n = v - 5. What is the units digit of v?
5
Let i = -1 - 3. Let f = i + 1. What is the units digit of -2 - (f/3 + -17)?
6
Let g = 4 - -3. Let o(s) = 6 + 26*s**2 - 4 + 9*s - 27*s**2. What is the tens digit of o(g)?
1
Suppose -4*q + 534 = 2*q. What is the tens digit of q?
8
Let m = 8 + 12. What is the units digit of m?
0
What is the units digit of 2/9 + (3232/36 - 1)?
9
Let p(s) = s + 4. Let r be p(0). Let b = 8 + -6. Suppose r*a - b*a = 4. What is the units digit of a?
2
Let o(t) = 2*t**2 + 13*t - 11. What is the tens digit of o(-12)?
2
Suppose -4*g - 12 = 0, -5*z + 3*g = -16 - 18. Let s = z - -3. What is the units digit of s?
8
Suppose -85 - 40 = -5*p. What is the units digit of p?
5
Let h = -25 - -96. What is the tens digit of h?
7
Let s = 30 + -48. Suppose -3*m = -43 - 35. Let n = m + s. What is the units digit of n?
8
Let l be 3/(-2)*(-4)/(-2). Let x(u) be the second derivative of u**4/12 - u**3/6 - 2*u**2 + 29*u. What is the units digit of x(l)?
8
Suppose 3*t - t - 12 = 0. What is the units digit of (t/5)/3*65?
6
Suppose 5*f - 36 + 11 = 0. Suppose -f*q = -9 - 1. Suppose -3 = -w - q. What is the units digit of w?
1
Let g be ((-8)/(-10))/((-3)/15). Let r = g + 6. Let q = r + 2. What is the units digit of q?
4
Suppose -16 = -2*m + 52. Let j = -22 + m. What is the tens digit of j?
1
Let u(s) = -6*s - 1. Let p be u(-2). Let z = p + 6. What is the units digit of z?
7
Let x be 4/(-12) + (-7)/(-3). Suppose -x*l + 20 = 3*c, l + 10 = 5*c - 6. Suppose -f = c*f - 50. What is the tens digit of f?
1
Let x be (-34)/(-8) + 2/(-8). Suppose -x*b - 4 = -4*k, 0 = 3*b - 4*k - k + 11. Let w = b - -7. What is the tens digit of w?
1
Suppose 0 = 3*o - n - 1029, 3*o + 5*n - 1047 = -0*n. What is the units digit of o?
4
Suppose 0 = 4*d + d. Suppose -3*n + 12 = -n. Suppose 0 = -3*u + n - d. What is the units digit of u?
2
Let d = -369 - -571. What is the units digit of d?
2
Let m = -39 + 159. What is the tens digit of m?
2
Let t = -4 - 1. Let u = -3 - t. Suppose -u*c = -5*i + 13, c = 4*i - 2*i - 6. What is the units digit of i?
1
Let y(p) be the third derivative of p**6/30 - p**4/8 + p**3/2 + 3*p**2. What is the units digit of y(2)?
9
Let g(v) = v**2 - v - 2. Suppose -p - 2*p = 15. Let z(l) = -l**3 - 4*l**2 + 5*l + 5. Let f be z(p). What is the tens digit of g(f)?
1
What is the units digit of 3 + (10/2 - -3)?
1
Suppose -2*c + 12 = -16. Suppose -5*u = 5*s - 50 + 15, -2*u - 5*s + c = 0. Suppose u = l - 9. What is the units digit of l?
6
Suppose 0 = -f - 9*y + 4*y - 2, -2 = f + y. What is the units digit of ((-50)/15)/(f/9)?
5
Let f be 4/6 - 4/6. Suppose 3 + 13 = 4*m. Suppose -m*t + 10 = t, i + t - 18 = f. What is the units digit of i?
6
Suppose 18 = v - 17. What is the tens digit of v?
3
What is the units digit of (-4)/(-3) - (-2933)/21?
1
Suppose -4*b = z - 12, -3*z - 8 + 80 = 3*b. Let m = z - -2. What is the units digit of m?
0
Let j = -10 - -14. Suppose -y - j = -7. What is the units digit of y?
3
Suppose -2*u + 85 - 11 = 0. Suppose 17 = 5*v - 8. Suppose v*h = 2*h + 9, -5*i - 4*h + u = 0. What is the units digit of i?
5
Suppose -3*g + 296 = -g + k, -g + 2*k = -143. Let r = -71 + g. What is the units digit of 4/14 + r/28?
3
Let s(i) = -3 - i**2 + 0*i**2 + 5*i + 7 - 6. Let u be 1/(-1) + 3*1. What is the units digit of s(u)?
4
Suppose -2*f + 6 = -10. Let r = -5 + f. Suppose p - r = 4. What is the units digit of p?
7
Let z be (-2)/(-8) - (-3)/(-12). Suppose -2*h + 13 = m, -h - 8 = -5*m + 2. Let a = h - z. What is the units digit of a?
5
Let g(j) = -j**2 - j + 1. Let c(a) = -4*a**2 - a + 13. Let b(v) = -c(v) + 3*g(v). What is the units digit of b(-5)?
5
Let b(r) = r**3 + 17*r**2 + 10*r + 3. What is the units digit of b(-15)?
3
Let g = -24 + 31. Let z(i) = -i + 8. Let t be z(6). Let k = g - t. What is the units digit of k?
5
Let h(w) = w**3 - 4*w**2 + w. Let p be h(4). Suppose -2*z + 3*z = p. What is the units digit of z?
4
What is the units digit of (-252)/(-66) + -4 - (-2666)/22?
1
Suppose 0 = -4*r + 38 + 70. What is the tens digit of r?
2
Let s = 10 - 5. Let l(v) = v**2 - 4*v - 2. Let r be l(s). Suppose 0*n - 23 = -2*n - 5*p, -4*n = r*p - 25. What is the units digit of n?
4
Suppose -12 = 3*l, 24 = u + l + 2*l. What is the tens digit of u?
3
Let v(x) = -2 + 4*x**2 + 0*x + 6*x - 4*x - x**2. What is the units digit of v(-3)?
9
Suppose 0 = 6*g - 9*g + 42. What is the units digit of g?
4
Suppose 6*l + g = l + 381, 5*l + 2*g - 377 = 0. What is the units digit of l?
7
Let f(n) = 2*n + 8. Let j be f(-4). Suppose -4*z + 12 + 112 = j. What is the tens digit of z?
3
Let d be (6/8)/(11/44). Suppose 72 = v + d*v. What is the tens digit of v?
1
Suppose 12 = g - d, g - 5*d = -2*g + 26. What is the tens digit of g?
1
Suppose 2*u - 2*n = 252, 0 = -2*n + 5*n. What is the tens digit of u?
2
Let o(m) = -m - 13. Let b be o(-6). Let k(h) = 2*h**2 + 11*h + 5. What is the tens digit of k(b)?
2
Let q(h) = 8*h - 2. Let j be q(16). Suppose -t + j = 5*t. What is the tens digit of t?
2
What is the tens digit of 1330/28*(-36)/(-10)?
7
Suppose 5*b + 5*r = -1 - 4, -28 = -2*b + 4*r. Suppose -2*g - 21 = -5*a, b*g + 17 = 6*a - a. What is the units digit of g?
2
Let g(u) = -1 + 0*u**2 + 2 - u**2 + 9*u. Let y be g(7). Suppose -2*k + y = 3*k. What is the units digit of k?
3
Suppose 3*h + 29 = 8. What is the units digit of 498/21 - 2/h?
4
Let d = 874 + -566. What is the hundreds digit of d?
3
Let a(p) = 12*p**2 - p. Let q be a(1). Let g = q - 7. What is the units digit of g?
4
Suppose -2*z + 60 = z. What is the units digit of z?
0
Let s be 81/4 + (-1)/4. What is the units digit of ((-65)/s)/((-1)/4)?
3
Suppose -4*f = -5*v + 35, -3*v - 6*f + 21 = -5*f. Suppose -5*b = -v*b + 52. What is the units digit of b?
6
Suppose 3*f + 2*f = 2*t + 12, -4*t = -2*f - 8. Suppose 0 = -5*g + 2*c - 3*c + 61, 60 = t*g - 2*c. What is the tens digit of g?
1
Suppose 3*t = -2*w + 36, 3*t - w - 2*w = 51. What is the tens digit of t?
1
Let f be (-4 - (-3 + -2))*3. Suppose 0 = 3*u - f*r - 156, -2*u - 2*u - 3*r = -201. What is the tens digit of u?
5
Let j = 0 + 20. Suppose -x = -t + 2*x + j, -3*t - 3*x + 24 = 0. What is the units digit of t?
1
Let q(s) = s**2 - s - 4. What is the tens digit of q(-8)?
6
Let b be ((-12)/(-14))/((-2)/14). What is the units digit of 3/9 - 52/b?
9
Let t be (-3)/7 + 3144/(-14). Let j be t/(-18) - 1/2. Suppose -3*m = m - j. What is the units digit of m?
3
Suppose 2*h = 7*h + 20. Let w(o) = -o**3 - 5*o**2 - 6*o - 3. What is the units digit of w(h)?
5
Suppose -83 = -3*a - 4*m, -27 = -2*a - m + 4*m. Let p = a + -11. What is the tens digit of p?
1
Let c(h) = -35*h**3 - h + 1. Let z be c(1). Let y = -22 - z. Let t = y + -6. What is the units digit of t?
7
Suppose -176 = -4*f + 1024. What is the tens digit of f?
0
Let n(r) = r**2 - r - 2. Let x be n(-2). Let m = 6 - x. What is the units digit of 6/((-3)/(-8)*m)?
8
Suppose -8*i = -675 - 37. What is the tens digit of i?
8
Let i(u) = 206*u**2 + u - 1. What is the units digit of i(1)?
6
Suppose 0 = -2*d -